 -v**3 - 18*v**2 - 20*v + 12. What is the units digit of q(f)?
3
Suppose -4*j + 5*j = -5*p + 124, p + 5 = 0. What is the units digit of j?
9
Let v(g) be the first derivative of g**3 - 2 - 1/4*g**4 + 3*g**2 - 2*g. What is the units digit of v(4)?
6
Let w(s) be the second derivative of -s**3/6 - 5*s**2 + 2*s + 37. Let j = 9 + -23. What is the units digit of w(j)?
4
Suppose -7*k + 4685 - 1836 = 0. What is the hundreds digit of k?
4
Suppose -8 = -3*n + n. Let y = n + 0. Suppose -81 - 31 = -y*v. What is the units digit of v?
8
Let s(z) = -z**3 + 15*z**2 - 8*z - 16. Let y = 38 - 24. What is the units digit of s(y)?
8
Suppose -9*n - 8027 + 43271 = 0. What is the tens digit of n?
1
Suppose 5*m = -4*a + 432, -2*a + 0*m = 2*m - 216. What is the units digit of ((-14)/(-21))/(3/a)?
4
Let c be (-2 - -3) + -2 + 129. Suppose 2*j + f - 128 = 0, -f - 3*f = 2*j - c. What is the units digit of j?
4
Suppose -m + 3 = -0*m. Let x = m - -6. Suppose k + 5*j = 37, -3*j + x = -0*j. What is the units digit of k?
2
Let o(a) = 13*a**3 + 3*a**2 + 10*a - 22. Let r be o(3). Suppose -3*c = -r - 193. What is the hundreds digit of c?
1
Let s(m) = 18*m**2 - 18*m**2 - 2*m + 71*m**2 + 14*m**2. Let d be s(-1). Let a = 163 - d. What is the units digit of a?
6
Suppose 2*m - 10 + 4 = 0. Let z = 10 - m. Suppose 100 = -3*a + z*a. What is the tens digit of a?
2
Let w = 2 - -6. Let l be (-9 + w)/((-1)/4). Suppose l*z - 90 - 66 = 0. What is the units digit of z?
9
Let k(f) = f**3 + 8*f**2 - 2*f + 2. Let q be k(-7). Suppose 4*b - 5*b - q = -4*y, 10 = -2*b. What is the units digit of y?
5
Let y be (-32)/(-40) + 8/(-10). Suppose y = 2*w - 5*w + 90. What is the units digit of w?
0
Let z(u) = 812*u**3 + 4 - 403*u**3 - 9*u - 408*u**3 - 8*u**2. What is the tens digit of z(11)?
6
Suppose 0 = -5*p - 2*v + 63, 5*v = 4*p - 14 - 10. Let f(s) = 2*s**2 - 6*s - 24. What is the hundreds digit of f(p)?
1
Let l = -30 - -34. What is the tens digit of l/(-32) + (-1026)/(-16)?
6
Let x(r) = 26*r**2 + 43*r - 17. What is the units digit of x(8)?
1
Let y(o) = -111*o - 69. What is the units digit of y(-8)?
9
Let h be (4 + -2)/(4/222). Let f = h + -49. What is the tens digit of f?
6
Suppose 2*q = 4*c + 3262, -3*c + 9121 = 5*q + 914. What is the hundreds digit of q?
6
Suppose 0 = -0*m + 2*m - 3*a + 56, m + 2*a = -35. Let l = 65 + m. What is the tens digit of l?
3
Let g(b) = 4*b**2 - b + 8. Let o(n) = n**2 - n + 1. Let i(k) = g(k) - o(k). Let u be i(-5). Let c = u - 50. What is the units digit of c?
2
Let f = 1 + -1. Suppose f*s = 5*s - 5*i - 35, 3*s + 2*i = 1. Let u(x) = 4*x**2 + 3*x - 5. What is the tens digit of u(s)?
4
Suppose -18*s = -22*s + 1512. Let f = s + -228. What is the hundreds digit of f?
1
What is the hundreds digit of (329 + 43)*(-20)/(-6)?
2
Suppose -4*f + 1252 = 52. What is the hundreds digit of f?
3
Suppose -10*s + 52117 - 12587 = 0. What is the hundreds digit of s?
9
Suppose -21*k - 58972 = -67*k. What is the tens digit of k?
8
Suppose 4*r - 5*v - 1263 = 0, -v + 312 = 3*r - 621. Suppose -2*p = -6*p + r. What is the units digit of p?
8
Let z(x) = x**3 + 4*x**2 - 8*x - 12. Let f be (-3 - -8*1)*-1. Let u be z(f). Suppose -3*v = 3*w - 126, v - w - 22 = u*w. What is the tens digit of v?
3
Suppose -4*l = 2*r - 400, -4*r = 2*l - 98 - 114. Suppose 4*u - 313 = 5*o, o - 482 = -5*u - l. What is the tens digit of u?
7
Suppose 0 = -5*y - 15, 0*m = -m - 5*y + 169. Let d = -7 + m. What is the tens digit of d?
7
Let l(i) be the first derivative of 5*i**3/3 + 11*i**2 - 10*i - 7. What is the tens digit of l(-8)?
3
Let k(y) = -y**3 - y**2. Let z be 5/(-10) - 2/4. Let a be k(z). What is the units digit of (-53)/(1/(a - 1))?
3
Let x = 782 - -267. What is the thousands digit of x?
1
Let u(w) = -w**3 - 6*w**2 - 3*w - 10. Let c be u(-7). Suppose -m - c = 4*m. What is the units digit of m/(-9)*117/6?
6
Let c = -12 + 34. Suppose -m + 15 = -c. What is the units digit of m?
7
Suppose 3*r + w = 667, 3*r = -3*w + w + 662. Suppose -4*k - r = 3*k. What is the units digit of (16/k)/((-2)/320)?
0
Let a be (-2 - -2 - 2) + 461. Suppose -5*j - 457 = -3*k, 4*j - k + a = -j. What is the units digit of j/(7/(14/(-4)))?
6
Suppose 0 = -h + 4*v + 21, 11 = -h - 3*v - v. Suppose -3*k - 5*s = -2*k + 4, -2*s + 26 = h*k. What is the units digit of 1*-45*k/(-9)?
0
Suppose -n + 2*o = -1071, -8*o - 5323 = -5*n - 6*o. What is the thousands digit of n?
1
Suppose -5086 = 21*c - 41080. What is the thousands digit of c?
1
Let s = 24 + -12. Let j = s + -12. Suppose j = r - 2, -3*u + 2*r + 40 = u. What is the tens digit of u?
1
Let c(v) = v**3 + 4*v**2 - v + 2. Let r = 7 + -11. Let m be c(r). What is the tens digit of m/(-9) + (-110)/(-3)?
3
Let p(a) = 5*a**3 - 2*a**2 - a. Let g be p(-1). Let r be 74/(-3) + 2/g. What is the units digit of (-1 - r)*4/8?
2
Let x(f) = f**3 - 7*f**2 - 7*f - 5. Suppose -s + 12 = q, -3*q + 5*s = -q + 4. Let p be x(q). Suppose -58 = -p*k - 19. What is the units digit of k?
3
Suppose -4*o + 12 = -4. Suppose 0 = j, o*j = -w + 9 + 18. What is the units digit of w?
7
Let n be 45*(3 + (-759)/(-15)). Suppose 11*u = 2*u + n. What is the units digit of u?
8
Suppose -3*m + 283 = 2*a, -a + 384 = 4*m - 0*a. What is the units digit of m?
7
Let r(c) = -2*c**3 + 25*c**2 - 17*c + 24. What is the units digit of r(10)?
4
Let q = 34 + -29. Suppose q*k = -48 + 198. Suppose 5*c - 5*a - k = 0, 3*c = -2*a - 0*a + 33. What is the units digit of c?
9
Let x be (36 + -1)*30/(-25). What is the units digit of (-789)/(-18) - 7/x?
4
Let w be -3 + (-14)/(-2) - -4. Let f(x) = -3*x + w + 1 + 0*x + 4*x. What is the units digit of f(-6)?
3
Let o(v) = -v**2 + 4*v. Let r be o(2). Suppose -r*q = -8 - 8. Suppose 0 = q*u + 4*y - 328, 2*y + 6 = 3*u - 220. What is the tens digit of u?
7
Suppose 3*f + 2*t - 6 = 34, -2*t = -4. Let k = f - 12. Suppose 2*h - 3*a - 32 = -k*a, 0 = 2*h + 2*a - 52. What is the units digit of h?
2
Let y = 65 + -68. Let a = 138 - y. What is the hundreds digit of a?
1
Let n = -28 - -30. Suppose -l = 2, -4*j - 3*l = -n*j - 134. What is the tens digit of j?
7
What is the hundreds digit of -28*(-6 + (-2 - 6))?
3
Suppose 4*w - 4*o = 528, 22*o - 17*o - 888 = -7*w. What is the tens digit of w?
2
Let b be 29/9 - (-2)/(-9). Let t(v) = 16*v**3 - v**2 + 2*v - 1. Let c be t(1). Suppose -o + 2*u + 32 = 0, u - b*u = o - c. What is the tens digit of o?
2
Suppose 0 = -2*f + 4*f + 4. Let g be f/(-8) - 15/(-4). Suppose -g*a - 54 = -150. What is the units digit of a?
4
Suppose 0 = x + 5*u - 719, 4*x - 2*u - 2*u = 2972. Suppose -a - d + 186 = -3*d, -4*a + x = -3*d. What is the units digit of a?
4
What is the hundreds digit of ((-4)/28*-7 - 37)*-38?
3
What is the thousands digit of (-5 + (-6 - -10))*-2112 + -2?
2
Let x(h) = -2 + 4*h**2 - 2 - 6*h + 1. Let s be (-2)/5 + (160/25 - 2). What is the units digit of x(s)?
7
Let t(l) = 25*l + 41. Let s be t(17). Suppose 4*a - 2*k = 6*a - s, 4*a - 947 = -k. What is the units digit of a?
8
Suppose -6 = 10*v - 8*v. What is the tens digit of 12*((-79)/v + -5)?
5
Let t be (4 - 3)*(0 + -1). Let d be (t*2)/((-17)/136). Suppose 7 - d = -w. What is the units digit of w?
9
Let g(n) = 8*n**2 + 9*n + 4. Let a(z) = 17*z**2 + 19*z + 8. Let c(d) = -6*a(d) + 13*g(d). What is the units digit of c(-2)?
6
Suppose 0 = -3*n + 338 - 8. Let i be ((-2)/(-6))/(-1)*-6 - 1. What is the units digit of (n/77)/(i/7)?
0
Suppose -4*r - 35 - 8 = 5*k, 0 = -r + 5*k - 42. Let z = r - -7. What is the units digit of (54/(-45))/(4/z)?
3
What is the tens digit of -5*1/((-3)/3366*2)?
0
Let n(c) = -4*c + 11. Let i(y) = 3*y - 10. Let f(o) = -6*i(o) - 4*n(o). Let x be f(10). What is the units digit of (5*x)/(-5) + 2?
6
Suppose 30*a = -32606 + 131426. What is the units digit of a?
4
Let z be (-1525)/(-6) - (-7)/(-42). Let b = z + -70. What is the hundreds digit of b?
1
Suppose -3*i - 4*w + 118 = 0, 4*i - 5*w - 73 = 43. Suppose -x - 34 = 2*t - 5*x, -4*x - 50 = 2*t. Let j = t + i. What is the units digit of j?
3
Suppose 6 = -3*p, -8*p + 9736 = 4*r - 10*p. What is the units digit of r?
3
Let d = -17 - -21. Suppose -d*h = 2*k - 70, 4*h = -2*k + 3*k - 5. What is the tens digit of k?
2
What is the units digit of (12 - 11)*(-1 + 254)?
3
Suppose 4*f + 5536 = 3*n, 3*n - 4*f = -n + 7384. What is the hundreds digit of n?
8
Let g(y) = 26*y**2 + 4*y + 4. Let n be g(-2). Suppose